{"id":7003,"date":"2024-10-17T14:51:01","date_gmt":"2024-10-17T12:51:01","guid":{"rendered":"https:\/\/www.mittelschule-perg.at\/stadtzentrum\/?page_id=7003"},"modified":"2026-03-13T08:55:28","modified_gmt":"2026-03-13T07:55:28","slug":"chor","status":"publish","type":"page","link":"https:\/\/www.mittelschule-perg.at\/stadtzentrum\/chor\/","title":{"rendered":"Chor"},"content":{"rendered":"<section  class='av_textblock_section av-m2damq6a-e6d61861e35ab9b1a4e869b42aa26240 '   itemscope=\"itemscope\" itemtype=\"https:\/\/schema.org\/CreativeWork\" ><div class='avia_textblock'  itemprop=\"text\" ><p>Durch unseren Chor werden viele unserer Veranstaltungen zu einem Fest. Je nach Auftrittsort \u00e4ndert sich auch die Besetzung und auch die Gr\u00f6\u00dfe. Bei gro\u00dfen Veranstaltungen, wie zB dem Einhornfest der Stadt Perg unterst\u00fctzen ganze Klassen die Chors\u00e4ngerinnen.<\/p>\n<p>Auftritte des Schulchores 2024:<\/p>\n<div class='avia-iframe-wrap'><iframe loading=\"lazy\" title=\"Schulchor\" width=\"1500\" height=\"844\" src=\"https:\/\/www.youtube.com\/embed\/1AlByhb75Jg?feature=oembed\" frameborder=\"0\" allow=\"accelerometer; autoplay; clipboard-write; encrypted-media; gyroscope; picture-in-picture; web-share\" referrerpolicy=\"strict-origin-when-cross-origin\" allowfullscreen><\/iframe><\/div>\n<\/div><\/section>\n<div  class='avia-slideshow av-m2dasu6x-96497d8957923454889ba6cba16f6617 avia-slideshow-gallery av_slideshow avia-slide-slider  avia-builder-el-1  el_after_av_textblock  el_before_av_textblock  av-slideshow-ui av-control-default av-slideshow-manual av-loop-once av-loop-manual-endless av-default-height-applied avia-slideshow-1' data-slideshow-options=\"{&quot;animation&quot;:&quot;slide&quot;,&quot;autoplay&quot;:false,&quot;loop_autoplay&quot;:&quot;once&quot;,&quot;interval&quot;:5,&quot;loop_manual&quot;:&quot;manual-endless&quot;,&quot;autoplay_stopper&quot;:false,&quot;noNavigation&quot;:false,&quot;bg_slider&quot;:false,&quot;keep_padding&quot;:false,&quot;hoverpause&quot;:false,&quot;show_slide_delay&quot;:0}\"  itemprop=\"image\" itemscope=\"itemscope\" itemtype=\"https:\/\/schema.org\/ImageObject\" ><ul class='avia-slideshow-inner ' style='padding-bottom: 80.94674556213%;'><li  class='avia-slideshow-slide av-m2dasu6x-96497d8957923454889ba6cba16f6617__0  slide-1 slide-odd'><div data-rel='slideshow-1' class='avia-slide-wrap '   ><img decoding=\"async\" fetchpriority=\"high\" class=\"wp-image-6869 avia-img-lazy-loading-not-6869\"  src=\"https:\/\/www.mittelschule-perg.at\/stadtzentrum\/wp-content\/uploads\/2024\/06\/bc894355-f6a7-4f14-ae4b-8e1b0b646636-845x684.jpg\" width=\"845\" height=\"684\" title='bc894355-f6a7-4f14-ae4b-8e1b0b646636' alt=''  itemprop=\"thumbnailUrl\" srcset=\"https:\/\/www.mittelschule-perg.at\/stadtzentrum\/wp-content\/uploads\/2024\/06\/bc894355-f6a7-4f14-ae4b-8e1b0b646636-845x684.jpg 845w, https:\/\/www.mittelschule-perg.at\/stadtzentrum\/wp-content\/uploads\/2024\/06\/bc894355-f6a7-4f14-ae4b-8e1b0b646636-495x400.jpg 495w\" sizes=\"(max-width: 845px) 100vw, 845px\" \/><\/div><\/li><li  class='avia-slideshow-slide av-m2dasu6x-96497d8957923454889ba6cba16f6617__1  slide-2 slide-even'><div data-rel='slideshow-1' class='avia-slide-wrap '   ><img decoding=\"async\" fetchpriority=\"high\" class=\"wp-image-6868 avia-img-lazy-loading-not-6868\"  src=\"https:\/\/www.mittelschule-perg.at\/stadtzentrum\/wp-content\/uploads\/2024\/06\/983f9574-1002-4153-b394-f5a49795c31d-845x684.jpg\" width=\"845\" height=\"684\" title='983f9574-1002-4153-b394-f5a49795c31d' alt=''  itemprop=\"thumbnailUrl\" srcset=\"https:\/\/www.mittelschule-perg.at\/stadtzentrum\/wp-content\/uploads\/2024\/06\/983f9574-1002-4153-b394-f5a49795c31d-845x684.jpg 845w, https:\/\/www.mittelschule-perg.at\/stadtzentrum\/wp-content\/uploads\/2024\/06\/983f9574-1002-4153-b394-f5a49795c31d-495x400.jpg 495w\" sizes=\"(max-width: 845px) 100vw, 845px\" \/><\/div><\/li><li  class='avia-slideshow-slide av-m2dasu6x-96497d8957923454889ba6cba16f6617__2  slide-3 slide-odd'><div data-rel='slideshow-1' class='avia-slide-wrap '   ><img decoding=\"async\" fetchpriority=\"high\" class=\"wp-image-6864 avia-img-lazy-loading-not-6864\"  src=\"https:\/\/www.mittelschule-perg.at\/stadtzentrum\/wp-content\/uploads\/2024\/06\/49be84eb-b13e-49d6-ae52-5481171972c9-720x684.jpg\" width=\"720\" height=\"684\" title='49be84eb-b13e-49d6-ae52-5481171972c9' alt=''  itemprop=\"thumbnailUrl\"   \/><\/div><\/li><li  class='avia-slideshow-slide av-m2dasu6x-96497d8957923454889ba6cba16f6617__3  slide-4 slide-even'><div data-rel='slideshow-1' class='avia-slide-wrap '   ><img decoding=\"async\" fetchpriority=\"high\" class=\"wp-image-6861 avia-img-lazy-loading-not-6861\"  src=\"https:\/\/www.mittelschule-perg.at\/stadtzentrum\/wp-content\/uploads\/2024\/06\/6baa8cac-c916-45cf-9189-10f8ddb2fa18-845x684.jpg\" width=\"845\" height=\"684\" title='6baa8cac-c916-45cf-9189-10f8ddb2fa18' alt=''  itemprop=\"thumbnailUrl\" srcset=\"https:\/\/www.mittelschule-perg.at\/stadtzentrum\/wp-content\/uploads\/2024\/06\/6baa8cac-c916-45cf-9189-10f8ddb2fa18-845x684.jpg 845w, https:\/\/www.mittelschule-perg.at\/stadtzentrum\/wp-content\/uploads\/2024\/06\/6baa8cac-c916-45cf-9189-10f8ddb2fa18-495x400.jpg 495w\" sizes=\"(max-width: 845px) 100vw, 845px\" \/><\/div><\/li><li  class='avia-slideshow-slide av-m2dasu6x-96497d8957923454889ba6cba16f6617__11  slide-5 slide-odd'><div data-rel='slideshow-1' class='avia-slide-wrap '   ><img decoding=\"async\" fetchpriority=\"high\" class=\"wp-image-6870 avia-img-lazy-loading-not-6870\"  src=\"https:\/\/www.mittelschule-perg.at\/stadtzentrum\/wp-content\/uploads\/2024\/06\/e4fefc21-4318-4cfe-b672-1be4d06fe189-845x684.jpg\" width=\"845\" height=\"684\" title='e4fefc21-4318-4cfe-b672-1be4d06fe189' alt=''  itemprop=\"thumbnailUrl\" srcset=\"https:\/\/www.mittelschule-perg.at\/stadtzentrum\/wp-content\/uploads\/2024\/06\/e4fefc21-4318-4cfe-b672-1be4d06fe189-845x684.jpg 845w, https:\/\/www.mittelschule-perg.at\/stadtzentrum\/wp-content\/uploads\/2024\/06\/e4fefc21-4318-4cfe-b672-1be4d06fe189-495x400.jpg 495w\" sizes=\"(max-width: 845px) 100vw, 845px\" \/><\/div><\/li><li  class='avia-slideshow-slide av-m2dasu6x-96497d8957923454889ba6cba16f6617__12  slide-6 slide-even'><div data-rel='slideshow-1' class='avia-slide-wrap '   ><img decoding=\"async\" fetchpriority=\"high\" class=\"wp-image-6857 avia-img-lazy-loading-not-6857\"  src=\"https:\/\/www.mittelschule-perg.at\/stadtzentrum\/wp-content\/uploads\/2024\/06\/0a917a17-8f38-4612-a7ec-ca3dcc9bcbc0-845x684.jpg\" width=\"845\" height=\"684\" title='0a917a17-8f38-4612-a7ec-ca3dcc9bcbc0' alt=''  itemprop=\"thumbnailUrl\" srcset=\"https:\/\/www.mittelschule-perg.at\/stadtzentrum\/wp-content\/uploads\/2024\/06\/0a917a17-8f38-4612-a7ec-ca3dcc9bcbc0-845x684.jpg 845w, https:\/\/www.mittelschule-perg.at\/stadtzentrum\/wp-content\/uploads\/2024\/06\/0a917a17-8f38-4612-a7ec-ca3dcc9bcbc0-495x400.jpg 495w\" sizes=\"(max-width: 845px) 100vw, 845px\" \/><\/div><\/li><\/ul><div class='avia-slideshow-arrows avia-slideshow-controls' ><a href='#prev' class='prev-slide  avia-svg-icon avia-font-svg_entypo-fontello' data-av_svg_icon='left-open-big' data-av_iconset='svg_entypo-fontello' tabindex='-1' title=\"Zur\u00fcck\"><svg version=\"1.1\" xmlns=\"http:\/\/www.w3.org\/2000\/svg\" width=\"15\" height=\"32\" viewBox=\"0 0 15 32\" preserveAspectRatio=\"xMidYMid meet\" aria-labelledby='av-svg-title-1' aria-describedby='av-svg-desc-1' role=\"graphics-symbol\" aria-hidden=\"true\">\n<title id='av-svg-title-1'>Zur\u00fcck<\/title>\n<desc id='av-svg-desc-1'>Zur\u00fcck<\/desc>\n<path d=\"M14.464 27.84q0.832 0.832 0 1.536-0.832 0.832-1.536 0l-12.544-12.608q-0.768-0.768 0-1.6l12.544-12.608q0.704-0.832 1.536 0 0.832 0.704 0 1.536l-11.456 11.904z\"><\/path>\n<\/svg><span class='avia_hidden_link_text'>Zur\u00fcck<\/span><\/a><a href='#next' class='next-slide  avia-svg-icon avia-font-svg_entypo-fontello' data-av_svg_icon='right-open-big' data-av_iconset='svg_entypo-fontello' tabindex='-1' title=\"Weiter\"><svg version=\"1.1\" xmlns=\"http:\/\/www.w3.org\/2000\/svg\" width=\"15\" height=\"32\" viewBox=\"0 0 15 32\" preserveAspectRatio=\"xMidYMid meet\" aria-labelledby='av-svg-title-2' aria-describedby='av-svg-desc-2' role=\"graphics-symbol\" aria-hidden=\"true\">\n<title id='av-svg-title-2'>Weiter<\/title>\n<desc id='av-svg-desc-2'>Weiter<\/desc>\n<path d=\"M0.416 27.84l11.456-11.84-11.456-11.904q-0.832-0.832 0-1.536 0.832-0.832 1.536 0l12.544 12.608q0.768 0.832 0 1.6l-12.544 12.608q-0.704 0.832-1.536 0-0.832-0.704 0-1.536z\"><\/path>\n<\/svg><span class='avia_hidden_link_text'>Weiter<\/span><\/a><\/div><div class='avia-slideshow-dots avia-slideshow-controls'><a href='#1' class='goto-slide active' >1<\/a><a href='#2' class='goto-slide ' >2<\/a><a href='#3' class='goto-slide ' >3<\/a><a href='#4' class='goto-slide ' >4<\/a><a href='#5' class='goto-slide ' >5<\/a><a href='#6' class='goto-slide ' >6<\/a><\/div><\/div>\n<section  class='av_textblock_section av-maz4ijmt-30c790f50da4dc98e4bfad40a5a91370 '   itemscope=\"itemscope\" itemtype=\"https:\/\/schema.org\/CreativeWork\" ><div class='avia_textblock'  itemprop=\"text\" ><p>Auftritte 2025<\/p>\n<div class='avia-iframe-wrap'><iframe loading=\"lazy\" title=\"Einhornfest_2025_Tanz3\" width=\"1500\" height=\"844\" src=\"https:\/\/www.youtube.com\/embed\/1g6CGOW7x_8?feature=oembed\" frameborder=\"0\" allow=\"accelerometer; autoplay; clipboard-write; encrypted-media; gyroscope; picture-in-picture; web-share\" referrerpolicy=\"strict-origin-when-cross-origin\" allowfullscreen><\/iframe><\/div>\n<div class='avia-iframe-wrap'><iframe loading=\"lazy\" title=\"Einhornfest_2025 Shake it off\" width=\"1500\" height=\"844\" src=\"https:\/\/www.youtube.com\/embed\/h1u_8QRzOCM?feature=oembed\" frameborder=\"0\" allow=\"accelerometer; autoplay; clipboard-write; encrypted-media; gyroscope; picture-in-picture; web-share\" referrerpolicy=\"strict-origin-when-cross-origin\" allowfullscreen><\/iframe><\/div>\n<div class='avia-iframe-wrap'><iframe loading=\"lazy\" title=\"Einhornfest_2025_This is the life\" width=\"1500\" height=\"844\" src=\"https:\/\/www.youtube.com\/embed\/wL93ZuL6WtM?feature=oembed\" frameborder=\"0\" allow=\"accelerometer; autoplay; clipboard-write; encrypted-media; gyroscope; picture-in-picture; web-share\" referrerpolicy=\"strict-origin-when-cross-origin\" allowfullscreen><\/iframe><\/div>\n<div class='avia-iframe-wrap'><iframe loading=\"lazy\" title=\"Einhornfest_2025_Tanz1\" width=\"1500\" height=\"844\" src=\"https:\/\/www.youtube.com\/embed\/Xgpc8Bxwp0s?feature=oembed\" frameborder=\"0\" allow=\"accelerometer; autoplay; clipboard-write; encrypted-media; gyroscope; picture-in-picture; web-share\" referrerpolicy=\"strict-origin-when-cross-origin\" allowfullscreen><\/iframe><\/div>\n<div class='avia-iframe-wrap'><iframe loading=\"lazy\" title=\"Einhornfest_2025_Tanz2\" width=\"1500\" height=\"844\" src=\"https:\/\/www.youtube.com\/embed\/766CJJEfeNQ?feature=oembed\" frameborder=\"0\" allow=\"accelerometer; autoplay; clipboard-write; encrypted-media; gyroscope; picture-in-picture; web-share\" referrerpolicy=\"strict-origin-when-cross-origin\" allowfullscreen><\/iframe><\/div>\n<div class='avia-iframe-wrap'><iframe loading=\"lazy\" title=\"Video Maibaum   SD 480p\" width=\"1500\" height=\"844\" src=\"https:\/\/www.youtube.com\/embed\/Vd5kgtOiGHk?feature=oembed\" frameborder=\"0\" allow=\"accelerometer; autoplay; clipboard-write; encrypted-media; gyroscope; picture-in-picture; web-share\" referrerpolicy=\"strict-origin-when-cross-origin\" allowfullscreen><\/iframe><\/div>\n<\/div><\/section>\n<section  class='av_textblock_section av-mk5ie9h8-3a3b6b6d067483ec5349f0d1578a56f0 '   itemscope=\"itemscope\" itemtype=\"https:\/\/schema.org\/CreativeWork\" ><div class='avia_textblock'  itemprop=\"text\" ><div class='avia-iframe-wrap'><iframe loading=\"lazy\" title=\"Jahresr\u00fcckblick Chor Video\" width=\"1500\" height=\"844\" src=\"https:\/\/www.youtube.com\/embed\/ZK9yRi5YWME?feature=oembed\" frameborder=\"0\" allow=\"accelerometer; autoplay; clipboard-write; encrypted-media; gyroscope; picture-in-picture; web-share\" referrerpolicy=\"strict-origin-when-cross-origin\" allowfullscreen><\/iframe><\/div>\n<\/div><\/section>\n<section  class='av_textblock_section av-mmolbzf5-503519f37fd9b4b3edfe60342f8f6c7c '   itemscope=\"itemscope\" itemtype=\"https:\/\/schema.org\/CreativeWork\" ><div class='avia_textblock'  itemprop=\"text\" ><p>Auftritte 2026<\/p>\n<div class=\"wp-playlist wp-video-playlist wp-playlist-light\">\n\t\t<video controls=\"controls\" preload=\"none\" width=\"1478\"\n\t\t height=\"833\"\t><\/video>\n\t<div class=\"wp-playlist-next\"><\/div>\n\t<div class=\"wp-playlist-prev\"><\/div>\n\t<noscript>\n\t<ol>\n\t\t<li><a href='https:\/\/www.mittelschule-perg.at\/stadtzentrum\/wp-content\/uploads\/2026\/03\/b1cf7908-1bcc-4133-84ad-6cb62f24fa3f.mp4'>Verwandtschaftstreffen (Schulversion)<\/a><\/li><li><a href='https:\/\/www.mittelschule-perg.at\/stadtzentrum\/wp-content\/uploads\/2026\/03\/56579cb7-0c08-47cc-b7f6-399a0643617d.mp4'>Shake it off<\/a><\/li><li><a href='https:\/\/www.mittelschule-perg.at\/stadtzentrum\/wp-content\/uploads\/2026\/03\/43729dcb-6899-43c4-9031-b3b525085b35.mp4'>Poca a poco<\/a><\/li>\t<\/ol>\n\t<\/noscript>\n\t<script type=\"application\/json\" class=\"wp-playlist-script\">{\"type\":\"video\",\"tracklist\":true,\"tracknumbers\":true,\"images\":true,\"artists\":true,\"tracks\":[{\"src\":\"https:\/\/www.mittelschule-perg.at\/stadtzentrum\/wp-content\/uploads\/2026\/03\/b1cf7908-1bcc-4133-84ad-6cb62f24fa3f.mp4\",\"type\":\"video\/mp4\",\"title\":\"Verwandtschaftstreffen (Schulversion)\",\"caption\":\"\",\"description\":\"\",\"meta\":{\"length_formatted\":\"2:42\"},\"dimensions\":{\"original\":{\"width\":848,\"height\":478},\"resized\":{\"width\":1478,\"height\":833}},\"image\":{\"src\":\"https:\/\/www.mittelschule-perg.at\/stadtzentrum\/wp-includes\/images\/media\/video.svg\",\"width\":48,\"height\":64},\"thumb\":{\"src\":\"https:\/\/www.mittelschule-perg.at\/stadtzentrum\/wp-includes\/images\/media\/video.svg\",\"width\":48,\"height\":64}},{\"src\":\"https:\/\/www.mittelschule-perg.at\/stadtzentrum\/wp-content\/uploads\/2026\/03\/56579cb7-0c08-47cc-b7f6-399a0643617d.mp4\",\"type\":\"video\/mp4\",\"title\":\"Shake it off\",\"caption\":\"\",\"description\":\"\",\"meta\":{\"length_formatted\":\"2:36\"},\"dimensions\":{\"original\":{\"width\":848,\"height\":478},\"resized\":{\"width\":1478,\"height\":833}},\"image\":{\"src\":\"https:\/\/www.mittelschule-perg.at\/stadtzentrum\/wp-includes\/images\/media\/video.svg\",\"width\":48,\"height\":64},\"thumb\":{\"src\":\"https:\/\/www.mittelschule-perg.at\/stadtzentrum\/wp-includes\/images\/media\/video.svg\",\"width\":48,\"height\":64}},{\"src\":\"https:\/\/www.mittelschule-perg.at\/stadtzentrum\/wp-content\/uploads\/2026\/03\/43729dcb-6899-43c4-9031-b3b525085b35.mp4\",\"type\":\"video\/mp4\",\"title\":\"Poca a poco\",\"caption\":\"\",\"description\":\"\",\"meta\":{\"length_formatted\":\"2:06\"},\"dimensions\":{\"original\":{\"width\":848,\"height\":478},\"resized\":{\"width\":1478,\"height\":833}},\"image\":{\"src\":\"https:\/\/www.mittelschule-perg.at\/stadtzentrum\/wp-includes\/images\/media\/video.svg\",\"width\":48,\"height\":64},\"thumb\":{\"src\":\"https:\/\/www.mittelschule-perg.at\/stadtzentrum\/wp-includes\/images\/media\/video.svg\",\"width\":48,\"height\":64}}]}<\/script>\n<\/div>\n\t\n<\/div><\/section>\n","protected":false},"excerpt":{"rendered":"","protected":false},"author":2,"featured_media":0,"parent":0,"menu_order":0,"comment_status":"closed","ping_status":"closed","template":"","meta":{"footnotes":""},"class_list":["post-7003","page","type-page","status-publish","hentry"],"_links":{"self":[{"href":"https:\/\/www.mittelschule-perg.at\/stadtzentrum\/wp-json\/wp\/v2\/pages\/7003","targetHints":{"allow":["GET"]}}],"collection":[{"href":"https:\/\/www.mittelschule-perg.at\/stadtzentrum\/wp-json\/wp\/v2\/pages"}],"about":[{"href":"https:\/\/www.mittelschule-perg.at\/stadtzentrum\/wp-json\/wp\/v2\/types\/page"}],"author":[{"embeddable":true,"href":"https:\/\/www.mittelschule-perg.at\/stadtzentrum\/wp-json\/wp\/v2\/users\/2"}],"replies":[{"embeddable":true,"href":"https:\/\/www.mittelschule-perg.at\/stadtzentrum\/wp-json\/wp\/v2\/comments?post=7003"}],"version-history":[{"count":11,"href":"https:\/\/www.mittelschule-perg.at\/stadtzentrum\/wp-json\/wp\/v2\/pages\/7003\/revisions"}],"predecessor-version":[{"id":7864,"href":"https:\/\/www.mittelschule-perg.at\/stadtzentrum\/wp-json\/wp\/v2\/pages\/7003\/revisions\/7864"}],"wp:attachment":[{"href":"https:\/\/www.mittelschule-perg.at\/stadtzentrum\/wp-json\/wp\/v2\/media?parent=7003"}],"curies":[{"name":"wp","href":"https:\/\/api.w.org\/{rel}","templated":true}]}}