{"id":7064,"date":"2024-10-21T13:46:49","date_gmt":"2024-10-21T11:46:49","guid":{"rendered":"https:\/\/www.mittelschule-perg.at\/stadtzentrum\/?page_id=7064"},"modified":"2025-03-25T10:39:59","modified_gmt":"2025-03-25T09:39:59","slug":"schach","status":"publish","type":"page","link":"https:\/\/www.mittelschule-perg.at\/stadtzentrum\/schach\/","title":{"rendered":"Schach"},"content":{"rendered":"<section  class='av_textblock_section av-m8ob1nt0-ba82939711a0811441647a166ffc8ddc '   itemscope=\"itemscope\" itemtype=\"https:\/\/schema.org\/CreativeWork\" ><div class='avia_textblock'  itemprop=\"text\" ><p>Die Sch\u00fcler*innen haben die M\u00f6glichkeit das Spiel zu erlernen und\/oder ihre F\u00e4higkeiten weiterzuentwickeln. Durch strategisches Denken, vorausschauende Planung und Konzentration werden die Konzentrationsf\u00e4higkeit und die geistige Fitness verbessert.<\/p>\n<p>Einmal im Jahr wird an unserer Schule die Bezirksmeisterschaft ausgetragen. Wir freuen uns sehr, dass unsere Sch\u00fcler*innen immer wieder sehr gute Ergebnisse erzielen. So d\u00fcrfen wir uns im heurigen Schuljahr \u00fcber den Bezirksmeistertitel freuen.<\/p>\n<\/div><\/section>\n\n<style type=\"text\/css\" data-created_by=\"avia_inline_auto\" id=\"style-css-av-m8ob475y-02a25712ac7752a7b80afd71d126495c\">\n.avia-image-container.av-m8ob475y-02a25712ac7752a7b80afd71d126495c img.avia_image{\nbox-shadow:none;\n}\n.avia-image-container.av-m8ob475y-02a25712ac7752a7b80afd71d126495c .av-image-caption-overlay-center{\ncolor:#ffffff;\n}\n<\/style>\n<div  class='avia-image-container av-m8ob475y-02a25712ac7752a7b80afd71d126495c av-styling- avia-align-center  avia-builder-el-1  el_after_av_textblock  avia-builder-el-last '   itemprop=\"image\" itemscope=\"itemscope\" itemtype=\"https:\/\/schema.org\/ImageObject\" ><div class=\"avia-image-container-inner\"><div class=\"avia-image-overlay-wrap\"><img decoding=\"async\" fetchpriority=\"high\" class='wp-image-7373 avia-img-lazy-loading-not-7373 avia_image ' src=\"https:\/\/www.mittelschule-perg.at\/stadtzentrum\/wp-content\/uploads\/2025\/03\/91083259-ac3a-4d35-9a2a-9633fdc3e8ac-225x300.jpg\" alt='' title='91083259-ac3a-4d35-9a2a-9633fdc3e8ac'  height=\"300\" width=\"225\"  itemprop=\"thumbnailUrl\" srcset=\"https:\/\/www.mittelschule-perg.at\/stadtzentrum\/wp-content\/uploads\/2025\/03\/91083259-ac3a-4d35-9a2a-9633fdc3e8ac-225x300.jpg 225w, https:\/\/www.mittelschule-perg.at\/stadtzentrum\/wp-content\/uploads\/2025\/03\/91083259-ac3a-4d35-9a2a-9633fdc3e8ac-773x1030.jpg 773w, https:\/\/www.mittelschule-perg.at\/stadtzentrum\/wp-content\/uploads\/2025\/03\/91083259-ac3a-4d35-9a2a-9633fdc3e8ac-768x1024.jpg 768w, https:\/\/www.mittelschule-perg.at\/stadtzentrum\/wp-content\/uploads\/2025\/03\/91083259-ac3a-4d35-9a2a-9633fdc3e8ac-1152x1536.jpg 1152w, https:\/\/www.mittelschule-perg.at\/stadtzentrum\/wp-content\/uploads\/2025\/03\/91083259-ac3a-4d35-9a2a-9633fdc3e8ac-1125x1500.jpg 1125w, https:\/\/www.mittelschule-perg.at\/stadtzentrum\/wp-content\/uploads\/2025\/03\/91083259-ac3a-4d35-9a2a-9633fdc3e8ac-529x705.jpg 529w, https:\/\/www.mittelschule-perg.at\/stadtzentrum\/wp-content\/uploads\/2025\/03\/91083259-ac3a-4d35-9a2a-9633fdc3e8ac.jpg 1200w\" sizes=\"(max-width: 225px) 100vw, 225px\" \/><\/div><\/div><\/div>\n","protected":false},"excerpt":{"rendered":"","protected":false},"author":2,"featured_media":0,"parent":0,"menu_order":0,"comment_status":"closed","ping_status":"closed","template":"","meta":{"footnotes":""},"class_list":["post-7064","page","type-page","status-publish","hentry"],"_links":{"self":[{"href":"https:\/\/www.mittelschule-perg.at\/stadtzentrum\/wp-json\/wp\/v2\/pages\/7064","targetHints":{"allow":["GET"]}}],"collection":[{"href":"https:\/\/www.mittelschule-perg.at\/stadtzentrum\/wp-json\/wp\/v2\/pages"}],"about":[{"href":"https:\/\/www.mittelschule-perg.at\/stadtzentrum\/wp-json\/wp\/v2\/types\/page"}],"author":[{"embeddable":true,"href":"https:\/\/www.mittelschule-perg.at\/stadtzentrum\/wp-json\/wp\/v2\/users\/2"}],"replies":[{"embeddable":true,"href":"https:\/\/www.mittelschule-perg.at\/stadtzentrum\/wp-json\/wp\/v2\/comments?post=7064"}],"version-history":[{"count":3,"href":"https:\/\/www.mittelschule-perg.at\/stadtzentrum\/wp-json\/wp\/v2\/pages\/7064\/revisions"}],"predecessor-version":[{"id":7372,"href":"https:\/\/www.mittelschule-perg.at\/stadtzentrum\/wp-json\/wp\/v2\/pages\/7064\/revisions\/7372"}],"wp:attachment":[{"href":"https:\/\/www.mittelschule-perg.at\/stadtzentrum\/wp-json\/wp\/v2\/media?parent=7064"}],"curies":[{"name":"wp","href":"https:\/\/api.w.org\/{rel}","templated":true}]}}