{"id":7078,"date":"2024-10-21T14:21:40","date_gmt":"2024-10-21T12:21:40","guid":{"rendered":"https:\/\/www.mittelschule-perg.at\/stadtzentrum\/?page_id=7078"},"modified":"2024-12-05T09:20:55","modified_gmt":"2024-12-05T08:20:55","slug":"bibliothek","status":"publish","type":"page","link":"https:\/\/www.mittelschule-perg.at\/stadtzentrum\/bibliothek\/","title":{"rendered":"Bibliothek"},"content":{"rendered":"<section  class='av_textblock_section av-m4b1oxw5-d1a4184b3c449cc000b675104a58edf8 '   itemscope=\"itemscope\" itemtype=\"https:\/\/schema.org\/CreativeWork\" ><div class='avia_textblock'  itemprop=\"text\" ><p><strong>\u00d6ffnungszeiten der Schulbibliothek:<\/strong><\/p>\n<p>Montag &#8211; 11:40 &#8211; 13:25 Uhr<\/p>\n<p>Dienstag &#8211; 11:40 &#8211; 13:25 Uhr<\/p>\n<p>Donnerstag &#8211; 11:40 &#8211; 13:25 Uhr<\/p>\n<p>Schulbibliothek MS Perg Stadtzentrum \u2013 Leitbild<\/p>\n<p>Die Schulbibliothek geh\u00f6rt zur Grundausstattung unserer Schule. Sie ist als ein Ort des Lesens, Lernens und auch als M\u00f6glichkeit f\u00fcr den Informationsaustausch angelegt. Dadurch wird eine lebendige Lesekultur in der Schule gef\u00f6rdert und unseren Lernenden wird ein breit gef\u00e4chertes Angebot an Kinder- und Jugendliteratur angeboten. Unser Ziel ist es, die Lust am Lesen zu wecken und die Lese- und Verstehens-Kompetenz bei den Jugendlichen zu verbessern.<\/p>\n<p>Warum LESEN? Die Bibliothek als Ort der VIELSEITIGKEIT Was TRAINIEREN wir? In der Bibliothek sind wir AKTIV<\/p>\n<ul>\n<li>Lesen ist unterhaltsam!<\/li>\n<li>Lesen ist Abenteuer im Kopf!<\/li>\n<li>Lesen bringt eine neue Erfahrungswelt!<\/li>\n<li>Lesen vermehrt das Wissen<\/li>\n<li>Lesen f\u00f6rdert die Fantasie!<\/li>\n<li>Lesen verhindert Langeweile!<\/li>\n<li>Lesen macht berufsf\u00e4hig!<\/li>\n<li>Lesen ist super!<\/li>\n<\/ul>\n<p>Die Bibliothek als Ort der Wissensvermittlung.<br \/>\nDie Bibliothek als Ort des Unterrichtens<br \/>\nDie Bibliothek als Medienzentrum<br \/>\nDie Bibliothek als Kommunikationszentrum<br \/>\nDie Bibliothek als kulturelles Zentrum<br \/>\nDie Bibliothek als Ort der Erholung\ud83d\ude0a<br \/>\nWir h\u00f6ren gut zu und sind aufmerksam.<br \/>\nWir laden aktuelle AutorInnen ein und lernen sie kennen.<br \/>\nWir lesen und entdecken neue Geschichten.<br \/>\nWir \u00fcben vortragendes Lesen. \ud83d\ude0a<br \/>\nUnsere Bibliothek bietet einen idealen Rahmen f\u00fcr verschiedenste Veranstaltungen.\u00a0 Hier finden Buchausstellungen, Autorenlesungen und Vortr\u00e4ge zu verschiedenen Themen statt. \ud83d\ude0a<\/p>\n<\/div><\/section>\n<div  class='avia-slideshow av-m4b1v80h-274bd5310d9aa278d2dee2bc8706d702 avia-slideshow-featured av_slideshow avia-slide-slider  avia-builder-el-1  el_after_av_textblock  avia-builder-el-last  av-slideshow-ui av-control-default av-slideshow-manual av-loop-once av-loop-manual-endless av-default-height-applied avia-slideshow-1' data-slideshow-options=\"{&quot;animation&quot;:&quot;slide&quot;,&quot;autoplay&quot;:false,&quot;loop_autoplay&quot;:&quot;once&quot;,&quot;interval&quot;:5,&quot;loop_manual&quot;:&quot;manual-endless&quot;,&quot;autoplay_stopper&quot;:false,&quot;noNavigation&quot;:false,&quot;bg_slider&quot;:false,&quot;keep_padding&quot;:false,&quot;hoverpause&quot;:false,&quot;show_slide_delay&quot;:0}\"  itemprop=\"image\" itemscope=\"itemscope\" itemtype=\"https:\/\/schema.org\/ImageObject\" ><ul class='avia-slideshow-inner ' style='padding-bottom: 28.666666666667%;'><li  class='avia-slideshow-slide av-m4b1v80h-274bd5310d9aa278d2dee2bc8706d702__0  slide-1 slide-odd'><div data-rel='slideshow-1' class='avia-slide-wrap '   ><img decoding=\"async\" fetchpriority=\"high\" class=\"wp-image-7188 avia-img-lazy-loading-not-7188\"  src=\"https:\/\/www.mittelschule-perg.at\/stadtzentrum\/wp-content\/uploads\/2024\/12\/1000019061-1500x430.jpg\" width=\"1500\" height=\"430\" title='1000019061' alt=''  itemprop=\"thumbnailUrl\" srcset=\"https:\/\/www.mittelschule-perg.at\/stadtzentrum\/wp-content\/uploads\/2024\/12\/1000019061-1500x430.jpg 1500w, https:\/\/www.mittelschule-perg.at\/stadtzentrum\/wp-content\/uploads\/2024\/12\/1000019061-350x100.jpg 350w\" sizes=\"(max-width: 1500px) 100vw, 1500px\" \/><\/div><\/li><li  class='avia-slideshow-slide av-m4b1v80h-274bd5310d9aa278d2dee2bc8706d702__1  slide-2 slide-even'><div data-rel='slideshow-1' class='avia-slide-wrap '   ><img decoding=\"async\" fetchpriority=\"high\" class=\"wp-image-7189 avia-img-lazy-loading-not-7189\"  src=\"https:\/\/www.mittelschule-perg.at\/stadtzentrum\/wp-content\/uploads\/2024\/12\/1000019082-1500x430.jpg\" width=\"1500\" height=\"430\" title='1000019082' alt=''  itemprop=\"thumbnailUrl\" srcset=\"https:\/\/www.mittelschule-perg.at\/stadtzentrum\/wp-content\/uploads\/2024\/12\/1000019082-1500x430.jpg 1500w, https:\/\/www.mittelschule-perg.at\/stadtzentrum\/wp-content\/uploads\/2024\/12\/1000019082-350x100.jpg 350w\" sizes=\"(max-width: 1500px) 100vw, 1500px\" \/><\/div><\/li><li  class='avia-slideshow-slide av-m4b1v80h-274bd5310d9aa278d2dee2bc8706d702__2  slide-3 slide-odd'><div data-rel='slideshow-1' class='avia-slide-wrap '   ><img decoding=\"async\" fetchpriority=\"high\" class=\"wp-image-7190 avia-img-lazy-loading-not-7190\"  src=\"https:\/\/www.mittelschule-perg.at\/stadtzentrum\/wp-content\/uploads\/2024\/12\/1000019090-1500x430.jpg\" width=\"1500\" height=\"430\" title='1000019090' alt=''  itemprop=\"thumbnailUrl\" srcset=\"https:\/\/www.mittelschule-perg.at\/stadtzentrum\/wp-content\/uploads\/2024\/12\/1000019090-1500x430.jpg 1500w, https:\/\/www.mittelschule-perg.at\/stadtzentrum\/wp-content\/uploads\/2024\/12\/1000019090-350x100.jpg 350w\" sizes=\"(max-width: 1500px) 100vw, 1500px\" \/><\/div><\/li><li  class='avia-slideshow-slide av-m4b1v80h-274bd5310d9aa278d2dee2bc8706d702__3  slide-4 slide-even'><div data-rel='slideshow-1' class='avia-slide-wrap '   ><img decoding=\"async\" fetchpriority=\"high\" class=\"wp-image-7191 avia-img-lazy-loading-not-7191\"  src=\"https:\/\/www.mittelschule-perg.at\/stadtzentrum\/wp-content\/uploads\/2024\/12\/1000019091-1500x430.jpg\" width=\"1500\" height=\"430\" title='1000019091' alt=''  itemprop=\"thumbnailUrl\" srcset=\"https:\/\/www.mittelschule-perg.at\/stadtzentrum\/wp-content\/uploads\/2024\/12\/1000019091-1500x430.jpg 1500w, https:\/\/www.mittelschule-perg.at\/stadtzentrum\/wp-content\/uploads\/2024\/12\/1000019091-350x100.jpg 350w\" sizes=\"(max-width: 1500px) 100vw, 1500px\" \/><\/div><\/li><li  class='avia-slideshow-slide av-m4b1v80h-274bd5310d9aa278d2dee2bc8706d702__4  slide-5 slide-odd'><div data-rel='slideshow-1' class='avia-slide-wrap '   ><img decoding=\"async\" fetchpriority=\"high\" class=\"wp-image-7192 avia-img-lazy-loading-not-7192\"  src=\"https:\/\/www.mittelschule-perg.at\/stadtzentrum\/wp-content\/uploads\/2024\/12\/1000019094-1500x430.jpg\" width=\"1500\" height=\"430\" title='1000019094' alt=''  itemprop=\"thumbnailUrl\" srcset=\"https:\/\/www.mittelschule-perg.at\/stadtzentrum\/wp-content\/uploads\/2024\/12\/1000019094-1500x430.jpg 1500w, https:\/\/www.mittelschule-perg.at\/stadtzentrum\/wp-content\/uploads\/2024\/12\/1000019094-350x100.jpg 350w\" sizes=\"(max-width: 1500px) 100vw, 1500px\" \/><\/div><\/li><li  class='avia-slideshow-slide av-m4b1v80h-274bd5310d9aa278d2dee2bc8706d702__5  slide-6 slide-even'><div data-rel='slideshow-1' class='avia-slide-wrap '   ><img decoding=\"async\" fetchpriority=\"high\" class=\"wp-image-7193 avia-img-lazy-loading-not-7193\"  src=\"https:\/\/www.mittelschule-perg.at\/stadtzentrum\/wp-content\/uploads\/2024\/12\/1000019095-1500x430.jpg\" width=\"1500\" height=\"430\" title='1000019095' alt=''  itemprop=\"thumbnailUrl\" srcset=\"https:\/\/www.mittelschule-perg.at\/stadtzentrum\/wp-content\/uploads\/2024\/12\/1000019095-1500x430.jpg 1500w, https:\/\/www.mittelschule-perg.at\/stadtzentrum\/wp-content\/uploads\/2024\/12\/1000019095-350x100.jpg 350w\" sizes=\"(max-width: 1500px) 100vw, 1500px\" \/><\/div><\/li><li  class='avia-slideshow-slide av-m4b1v80h-274bd5310d9aa278d2dee2bc8706d702__6  slide-7 slide-odd'><div data-rel='slideshow-1' class='avia-slide-wrap '   ><img decoding=\"async\" fetchpriority=\"high\" class=\"wp-image-7194 avia-img-lazy-loading-not-7194\"  src=\"https:\/\/www.mittelschule-perg.at\/stadtzentrum\/wp-content\/uploads\/2024\/12\/1000019102-1500x430.jpg\" width=\"1500\" height=\"430\" title='1000019102' alt=''  itemprop=\"thumbnailUrl\" srcset=\"https:\/\/www.mittelschule-perg.at\/stadtzentrum\/wp-content\/uploads\/2024\/12\/1000019102-1500x430.jpg 1500w, https:\/\/www.mittelschule-perg.at\/stadtzentrum\/wp-content\/uploads\/2024\/12\/1000019102-350x100.jpg 350w\" sizes=\"(max-width: 1500px) 100vw, 1500px\" \/><\/div><\/li><\/ul><div class='avia-slideshow-arrows avia-slideshow-controls' ><a href='#prev' class='prev-slide  avia-svg-icon avia-font-svg_entypo-fontello' data-av_svg_icon='left-open-big' data-av_iconset='svg_entypo-fontello' tabindex='-1' title=\"Zur\u00fcck\"><svg version=\"1.1\" xmlns=\"http:\/\/www.w3.org\/2000\/svg\" width=\"15\" height=\"32\" viewBox=\"0 0 15 32\" preserveAspectRatio=\"xMidYMid meet\" aria-labelledby='av-svg-title-1' aria-describedby='av-svg-desc-1' role=\"graphics-symbol\" aria-hidden=\"true\">\n<title id='av-svg-title-1'>Zur\u00fcck<\/title>\n<desc id='av-svg-desc-1'>Zur\u00fcck<\/desc>\n<path d=\"M14.464 27.84q0.832 0.832 0 1.536-0.832 0.832-1.536 0l-12.544-12.608q-0.768-0.768 0-1.6l12.544-12.608q0.704-0.832 1.536 0 0.832 0.704 0 1.536l-11.456 11.904z\"><\/path>\n<\/svg><span class='avia_hidden_link_text'>Zur\u00fcck<\/span><\/a><a href='#next' class='next-slide  avia-svg-icon avia-font-svg_entypo-fontello' data-av_svg_icon='right-open-big' data-av_iconset='svg_entypo-fontello' tabindex='-1' title=\"Weiter\"><svg version=\"1.1\" xmlns=\"http:\/\/www.w3.org\/2000\/svg\" width=\"15\" height=\"32\" viewBox=\"0 0 15 32\" preserveAspectRatio=\"xMidYMid meet\" aria-labelledby='av-svg-title-2' aria-describedby='av-svg-desc-2' role=\"graphics-symbol\" aria-hidden=\"true\">\n<title id='av-svg-title-2'>Weiter<\/title>\n<desc id='av-svg-desc-2'>Weiter<\/desc>\n<path d=\"M0.416 27.84l11.456-11.84-11.456-11.904q-0.832-0.832 0-1.536 0.832-0.832 1.536 0l12.544 12.608q0.768 0.832 0 1.6l-12.544 12.608q-0.704 0.832-1.536 0-0.832-0.704 0-1.536z\"><\/path>\n<\/svg><span class='avia_hidden_link_text'>Weiter<\/span><\/a><\/div><div class='avia-slideshow-dots avia-slideshow-controls'><a href='#1' class='goto-slide active' >1<\/a><a href='#2' class='goto-slide ' >2<\/a><a href='#3' class='goto-slide ' >3<\/a><a href='#4' class='goto-slide ' >4<\/a><a href='#5' class='goto-slide ' >5<\/a><a href='#6' class='goto-slide ' >6<\/a><a href='#7' class='goto-slide ' >7<\/a><\/div><\/div>\n","protected":false},"excerpt":{"rendered":"","protected":false},"author":2,"featured_media":0,"parent":0,"menu_order":0,"comment_status":"closed","ping_status":"closed","template":"","meta":{"footnotes":""},"class_list":["post-7078","page","type-page","status-publish","hentry"],"_links":{"self":[{"href":"https:\/\/www.mittelschule-perg.at\/stadtzentrum\/wp-json\/wp\/v2\/pages\/7078","targetHints":{"allow":["GET"]}}],"collection":[{"href":"https:\/\/www.mittelschule-perg.at\/stadtzentrum\/wp-json\/wp\/v2\/pages"}],"about":[{"href":"https:\/\/www.mittelschule-perg.at\/stadtzentrum\/wp-json\/wp\/v2\/types\/page"}],"author":[{"embeddable":true,"href":"https:\/\/www.mittelschule-perg.at\/stadtzentrum\/wp-json\/wp\/v2\/users\/2"}],"replies":[{"embeddable":true,"href":"https:\/\/www.mittelschule-perg.at\/stadtzentrum\/wp-json\/wp\/v2\/comments?post=7078"}],"version-history":[{"count":4,"href":"https:\/\/www.mittelschule-perg.at\/stadtzentrum\/wp-json\/wp\/v2\/pages\/7078\/revisions"}],"predecessor-version":[{"id":7187,"href":"https:\/\/www.mittelschule-perg.at\/stadtzentrum\/wp-json\/wp\/v2\/pages\/7078\/revisions\/7187"}],"wp:attachment":[{"href":"https:\/\/www.mittelschule-perg.at\/stadtzentrum\/wp-json\/wp\/v2\/media?parent=7078"}],"curies":[{"name":"wp","href":"https:\/\/api.w.org\/{rel}","templated":true}]}}